rue
Is 69449661067 composite?
False
Is 82718924833 composite?
False
Is 2616532951 a prime number?
False
Is 964451 composite?
True
Is 6477735547 a prime number?
True
Is 152810809 a prime number?
True
Is 1853050037 a prime number?
True
Is 7086978761 prime?
True
Is 9285954297 composite?
True
Is 16255908307 composite?
True
Is 1769433917 a composite number?
False
Is 745236631 prime?
True
Is 2175607297 composite?
True
Is 142491991 a composite number?
False
Is 29567891 composite?
False
Is 40891233041 composite?
False
Is 1969721359 a prime number?
False
Is 2998254011 prime?
False
Is 142892756683 composite?
False
Is 48814669 a prime number?
False
Is 121517321 a prime number?
False
Is 367935053 composite?
False
Is 14813653669 a composite number?
True
Is 19204824049 a composite number?
True
Is 1036420981 prime?
True
Is 961412531 composite?
False
Is 1219714471 a composite number?
False
Is 14435954483 a composite number?
True
Is 708936029 a composite number?
False
Is 5474136839 a prime number?
True
Is 2033495263 composite?
True
Is 52143462359 a prime number?
False
Is 33005372591 composite?
False
Is 1148550593 a composite number?
False
Is 3535692091 prime?
True
Is 9006542717 a prime number?
True
Is 88725395413 prime?
True
Is 7525135217 a composite number?
True
Is 181825907 a prime number?
True
Is 3131341463 prime?
False
Is 26981163647 a prime number?
True
Is 36695497 prime?
True
Is 2872348001 prime?
True
Is 4867983619 a prime number?
False
Is 373475645 composite?
True
Is 1385481803 composite?
False
Is 2743670491 a composite number?
True
Is 1683276019 a composite number?
True
Is 3744157139 a prime number?
True
Is 2659864211 a prime number?
True
Is 216679157 a prime number?
True
Is 4842122951 a prime number?
False
Is 3868512859 a prime number?
False
Is 10103725433 a composite number?
False
Is 11710311119 composite?
True
Is 38085198377 prime?
True
Is 19093939427 a prime number?
False
Is 4534562091 a prime number?
False
Is 162234601961 prime?
True
Is 8601381023 a prime number?
False
Is 7500809499 a prime number?
False
Is 885507137 a prime number?
True
Is 42890334167 prime?
True
Is 8195977637 prime?
True
Is 1865285467 composite?
False
Is 16061325337 composite?
False
Is 846243897 prime?
False
Is 4722710609 a composite number?
True
Is 5899621799 a composite number?
True
Is 14912602909 composite?
False
Is 13334896723 a prime number?
True
Is 778338329 a prime number?
True
Is 665782367 a composite number?
False
Is 31483768559 prime?
True
Is 438778849 a prime number?
False
Is 21572694217 prime?
False
Is 416686118 prime?
False
Is 12633662189 a prime number?
True
Is 1241767429 prime?
False
Is 799487447 a prime number?
False
Is 7157883905 a prime number?
False
Is 61995588037 a prime number?
True
Is 181563279 a composite number?
True
Is 26021469637 composite?
False
Is 171717737 composite?
False
Is 1275115477 a composite number?
False
Is 450625639 a composite number?
True
Is 116022349 composite?
True
Is 672206107 composite?
False
Is 322446539 composite?
False
Is 54125581673 prime?
True
Is 125589509161 prime?
True
Is 1478274923 a prime number?
True
Is 25732541357 a composite number?
False
Is 1774758233 prime?
False
Is 119722939321 a prime number?
False
Is 806175851 prime?
False
Is 417786059 composite?
False
Is 10820026435 a prime number?
False
Is 571058143 a prime number?
True
Is 2208410081 composite?
True
Is 75543726171 a prime number?
False
Is 27456767297 prime?
True
Is 61103897003 prime?
True
Is 4650119119 composite?
False
Is 13165921793 composite?
True
Is 67432653697 prime?
False
Is 267111935 a prime number?
False
Is 13254338855 a prime number?
False
Is 39345810503 a prime number?
True
Is 2076897413 a prime number?
True
Is 2712545803 a prime number?
False
Is 3682515839 a composite number?
True
Is 3099220265 a prime number?
False
Is 17006684801 a prime number?
True
Is 1426783889 prime?
False
Is 4119867631 a prime number?
False
Is 60935453993 a prime number?
False
Is 38785303 a prime number?
False
Is 6047810455 prime?
False
Is 73391441 prime?
False
Is 1385582729 a composite number?
True
Is 307189019 prime?
True
Is 61764736997 composite?
False
Is 6113048917 a prime number?
True
Is 2495690513 composite?
False
Is 286552429 a prime number?
True
Is 7694547109 composite?
True
Is 70858133 prime?
True
Is 8652819821 a prime number?
True
Is 1294885483 composite?
True
Is 4422727043 composite?
True
Is 1453680191 prime?
True
Is 3400144757 composite?
False
Is 5758937987 composite?
True
Is 87985892447 a composite number?
False
Is 358131119 prime?
False
Is 3567796343 composite?
True
Is 551399053 a composite number?
False
Is 41452255469 prime?
True
Is 25276814707 prime?
True
Is 35209947391 a prime number?
False
Is 278732065411 a prime number?
True
Is 928865921 a prime number?
True
Is 673678001 a prime number?
True
Is 12211826923 a prime number?
False
Is 421727296997 prime?
True
Is 32193889573 prime?
False
Is 2669502419 a composite number?
False
Is 53967879149 composite?
True
Is 29192309893 composite?
False
Is 1360211637 a composite number?
True
Is 535358983 a composite number?
True
Is 2806368239 a prime number?
False
Is 5040293855 a composite number?
True
Is 4156115701 composite?
True
Is 10590909997 prime?
False
Is 1479913411 prime?
True
Is 357660689 prime?
True
Is 1273323049 a composite number?
True
Is 11752630691 a prime number?
True
Is 2851244489 prime?
True
Is 13483097989 prime?
True
Is 33743798773 a prime number?
True
Is 43651754591 a prime number?
False
Is 2503596113 a composite number?
False
Is 39192170671 a prime number?
True
Is 2029791341 prime?
True
Is 15898736611 composite?
True
Is 99778339 prime?
True
Is 110056744379 a prime number?
False
Is 191595403 prime?
True
Is 6268381849 composite?
False
Is 729532007 a composite number?
True
Is 33898882781 composite?
True
Is 796499677 a prime number?
False
Is 136636433 prime?
False
Is 11225560571 a prime number?
False
Is 97022149459 composite?
False
Is 13544156161 prime?
True
Is 6047758097 composite?
False
Is 476066741 a composite number?
False
Is 10840915879 a prime number?
False
Is 34566341723 composite?
True
Is 2638289221 composite?
True
Is 5680708933 prime?
False
Is 1061059169 a composite number?
True
Is 16361355671 a prime number?
False
Is 354305771 composite?
True
Is 858943193 a composite number?
False
Is 1717318807 a composite number?
False
Is 11369045026 composite?
True
Is 134285389291 a prime number?
True
Is 606966785 composite?
True
Is 5724338189 prime?
True
Is 17643133087 a prime number?
True
Is 1050543149 a composite number?
False
Is 3846532369 composite?
True
Is 1291670507 a prime number?
False
Is 161045377 a prime number?
False
Is 1455487763 a prime number?
True
Is 581775879 prime?
False
Is 1288954123 composite?
False
Is 109400559007 composite?
True
Is 6014423749 prime?
False
Is 50674862713 composite?
True
Is 18589267097 prime?
False
Is 15855275213 a prime number?
True
Is 35523221 composite?
False
Is 1854490093 a composite number?
False
Is 14337617627 a prime number?
False
Is 5566256099 a prime number?
True
Is 4459629281 a prime number?
False
Is 135568581 a prime number?
False
Is 1445738459 composite?
True
Is 425462707 prime?
True
Is 36930983723 composite?
True
Is 1244826929 a prime number?
True
Is 18005899339 a composite number?
True
Is 18509628923 prime?
False
Is 29728256821 a composite number?
False
Is 846344573 a composite number?
False
Is 29794636759 composite?
False
Is 27887020783 composite?
True
Is 53043338941 composite?
True
Is 312756371 a prime number?
True
Is 8888312711 composite?
False
Is 60591099589 a prime number?
True
Is 1924004297 prime?
False
Is 4248770513 prime?
False
Is 88146751801 a composite number?
False
Is 5628571211 a composite number?
False
Is 30525558961 a composite number?
False
Is 19687533841 a composite number?
False
Is 7891530697 a prime number?
True
Is 124135373 prime?
True
Is 26577230023 a composite number?
False
Is 1301797151 prime?
False
Is 80168609 composite?
True
Is 1758902303 a composite number?
True
Is 1263920503 composite?
False
Is 2751934099 a prime number?
False
Is 19391784569 composite?
True
Is 579589783 composite?
True
Is 14041540999 composite?
False
Is 16595078431 a prime number?
True
Is 7550458729 a composite number?
True
Is 924559667 a composite number?
True
Is 14932418251 a